{"id":54,"date":"2024-09-25T22:36:43","date_gmt":"2024-09-25T20:36:43","guid":{"rendered":"https:\/\/ksiegowa.suchankova.pl\/?page_id=54"},"modified":"2024-09-25T22:36:43","modified_gmt":"2024-09-25T20:36:43","slug":"cennik","status":"publish","type":"page","link":"https:\/\/ksiegowa.suchankova.pl\/?page_id=54","title":{"rendered":"Cennik"},"content":{"rendered":"\n<h3 class=\"wp-block-heading\">KSI\u0118GOWO\u015a\u0106 UPROSZCZONA \u2013 RYCZA\u0141T EWIDENCJONOWANY<\/h3>\n\n\n\n<figure class=\"wp-block-image size-large\"><img fetchpriority=\"high\" decoding=\"async\" width=\"1024\" height=\"157\" src=\"https:\/\/ksiegowa.suchankova.pl\/wp-content\/uploads\/2024\/09\/image-3-1024x157.png\" alt=\"\" class=\"wp-image-42\" srcset=\"https:\/\/ksiegowa.suchankova.pl\/wp-content\/uploads\/2024\/09\/image-3-1024x157.png 1024w, https:\/\/ksiegowa.suchankova.pl\/wp-content\/uploads\/2024\/09\/image-3-300x46.png 300w, https:\/\/ksiegowa.suchankova.pl\/wp-content\/uploads\/2024\/09\/image-3-768x118.png 768w, https:\/\/ksiegowa.suchankova.pl\/wp-content\/uploads\/2024\/09\/image-3.png 1535w\" sizes=\"(max-width: 1024px) 100vw, 1024px\" \/><\/figure>\n\n\n\n<p><\/p>\n\n\n\n<h3 class=\"wp-block-heading\"><a href=\"https:\/\/ksiegowatwojepodatki.pl\/ksiegowosc-uproszczona\/\">KSI\u0118GOWO\u015a\u0106 UPROSZCZONA<\/a> \u2013 PODATKOWA KSI\u0104\u017bKA PRZYCHOD\u00d3W i ROZCHOD\u00d3W<\/h3>\n\n\n\n<figure class=\"wp-block-image size-large\"><img decoding=\"async\" width=\"1024\" height=\"168\" src=\"https:\/\/ksiegowa.suchankova.pl\/wp-content\/uploads\/2024\/09\/image-4-1024x168.png\" alt=\"\" class=\"wp-image-43\" srcset=\"https:\/\/ksiegowa.suchankova.pl\/wp-content\/uploads\/2024\/09\/image-4-1024x168.png 1024w, https:\/\/ksiegowa.suchankova.pl\/wp-content\/uploads\/2024\/09\/image-4-300x49.png 300w, https:\/\/ksiegowa.suchankova.pl\/wp-content\/uploads\/2024\/09\/image-4-768x126.png 768w, https:\/\/ksiegowa.suchankova.pl\/wp-content\/uploads\/2024\/09\/image-4.png 1534w\" sizes=\"(max-width: 1024px) 100vw, 1024px\" \/><\/figure>\n\n\n\n<p><\/p>\n\n\n\n<h3 class=\"wp-block-heading\">KSI\u0118GOWO\u015a\u0106 PE\u0141NA<\/h3>\n\n\n\n<p><\/p>\n\n\n\n<figure class=\"wp-block-image size-full\"><img decoding=\"async\" width=\"943\" height=\"240\" src=\"https:\/\/ksiegowa.suchankova.pl\/wp-content\/uploads\/2024\/09\/image-5.png\" alt=\"\" class=\"wp-image-44\" srcset=\"https:\/\/ksiegowa.suchankova.pl\/wp-content\/uploads\/2024\/09\/image-5.png 943w, https:\/\/ksiegowa.suchankova.pl\/wp-content\/uploads\/2024\/09\/image-5-300x76.png 300w, https:\/\/ksiegowa.suchankova.pl\/wp-content\/uploads\/2024\/09\/image-5-768x195.png 768w\" sizes=\"(max-width: 943px) 100vw, 943px\" \/><\/figure>\n\n\n\n<p><\/p>\n\n\n\n<h3 class=\"wp-block-heading\"><a href=\"https:\/\/ksiegowatwojepodatki.pl\/obsluga-kadrowo-placowa\/\">OBS\u0141UGA KADROWO-P\u0141ACOWA<\/a><\/h3>\n\n\n\n<p>Oczywi\u015bcie obs\u0142ug\u0119 spraw kadrowych w\u0142a\u015bciciela\/lki jednoosobowej dzia\u0142alno\u015bci gospodarczej zawarto w cenie obs\u0142ugi ksi\u0119gowej.<\/p>\n\n\n\n<p>Us\u0142uga ta obejmuje:<\/p>\n\n\n\n<ul class=\"wp-block-list\">\n<li>Przygotowywanie um\u00f3w o prac\u0119, zlecenie, wsp\u00f3\u0142pracy, \u015bwiadectw pracy<\/li>\n\n\n\n<li>Prowadzenie dokumentacji kadrowej i ewidencji pracownik\u00f3w np. czasu pracy, urlop\u00f3w itp.<\/li>\n\n\n\n<li>Sporz\u0105dzanie list p\u0142ac i deklaracji ZUS, kartotek wynagrodze\u0144 pracowniczych oraz raport\u00f3w RMUA<\/li>\n\n\n\n<li>Obliczanie zaliczek na Podatek dochodowy od pracownik\u00f3w oraz sporz\u0105dzanie na koniec roku PIT-11<\/li>\n\n\n\n<li>Wystawianie za\u015bwiadcze\u0144 o zarobkach<\/li>\n\n\n\n<li>Rozliczenie roczne PIT \u2013 40<\/li>\n<\/ul>\n\n\n\n<figure class=\"wp-block-image size-large\"><img loading=\"lazy\" decoding=\"async\" width=\"1024\" height=\"137\" src=\"https:\/\/ksiegowa.suchankova.pl\/wp-content\/uploads\/2024\/09\/image-7-1024x137.png\" alt=\"\" class=\"wp-image-46\" srcset=\"https:\/\/ksiegowa.suchankova.pl\/wp-content\/uploads\/2024\/09\/image-7-1024x137.png 1024w, https:\/\/ksiegowa.suchankova.pl\/wp-content\/uploads\/2024\/09\/image-7-300x40.png 300w, https:\/\/ksiegowa.suchankova.pl\/wp-content\/uploads\/2024\/09\/image-7-768x103.png 768w, https:\/\/ksiegowa.suchankova.pl\/wp-content\/uploads\/2024\/09\/image-7.png 1076w\" sizes=\"(max-width: 1024px) 100vw, 1024px\" \/><\/figure>\n\n\n\n<p><\/p>\n\n\n\n<h3 class=\"wp-block-heading\">Inne us\u0142ugi ksi\u0119gowe<\/h3>\n\n\n\n<p>Nie wymy\u015bl\u0119, czego mo\u017cesz potrzebowa\u0107 jednorazowo czy na sta\u0142e, daj mi wi\u0119c zna\u0107 czego potrzebujesz a ja wyceni\u0119 warto\u015b\u0107 swojej pracy.<\/p>\n\n\n\n<p>Czekam na kontakt przez email: ksiegowa@suchankova.pl <\/p>\n\n\n\n<p>lub poni\u017cszy formularz kontaktowy!<\/p>\n\n\n<style id=\"wpforms-css-vars-root\">\n\t\t\t\t:root {\n\t\t\t\t\t--wpforms-field-border-radius: 3px;\n--wpforms-field-border-style: solid;\n--wpforms-field-border-size: 1px;\n--wpforms-field-background-color: #ffffff;\n--wpforms-field-border-color: rgba( 0, 0, 0, 0.25 );\n--wpforms-field-border-color-spare: rgba( 0, 0, 0, 0.25 );\n--wpforms-field-text-color: rgba( 0, 0, 0, 0.7 );\n--wpforms-field-menu-color: #ffffff;\n--wpforms-label-color: rgba( 0, 0, 0, 0.85 );\n--wpforms-label-sublabel-color: rgba( 0, 0, 0, 0.55 );\n--wpforms-label-error-color: #d63637;\n--wpforms-button-border-radius: 3px;\n--wpforms-button-border-style: none;\n--wpforms-button-border-size: 1px;\n--wpforms-button-background-color: #066aab;\n--wpforms-button-border-color: #066aab;\n--wpforms-button-text-color: #ffffff;\n--wpforms-page-break-color: #066aab;\n--wpforms-background-image: none;\n--wpforms-background-position: center center;\n--wpforms-background-repeat: no-repeat;\n--wpforms-background-size: cover;\n--wpforms-background-width: 100px;\n--wpforms-background-height: 100px;\n--wpforms-background-color: rgba( 0, 0, 0, 0 );\n--wpforms-background-url: none;\n--wpforms-container-padding: 0px;\n--wpforms-container-border-style: none;\n--wpforms-container-border-width: 1px;\n--wpforms-container-border-color: #000000;\n--wpforms-container-border-radius: 3px;\n--wpforms-field-size-input-height: 43px;\n--wpforms-field-size-input-spacing: 15px;\n--wpforms-field-size-font-size: 16px;\n--wpforms-field-size-line-height: 19px;\n--wpforms-field-size-padding-h: 14px;\n--wpforms-field-size-checkbox-size: 16px;\n--wpforms-field-size-sublabel-spacing: 5px;\n--wpforms-field-size-icon-size: 1;\n--wpforms-label-size-font-size: 16px;\n--wpforms-label-size-line-height: 19px;\n--wpforms-label-size-sublabel-font-size: 14px;\n--wpforms-label-size-sublabel-line-height: 17px;\n--wpforms-button-size-font-size: 17px;\n--wpforms-button-size-height: 41px;\n--wpforms-button-size-padding-h: 15px;\n--wpforms-button-size-margin-top: 10px;\n--wpforms-container-shadow-size-box-shadow: none;\n\n\t\t\t\t}\n\t\t\t<\/style><div class=\"wpforms-container wpforms-container-full wpforms-block wpforms-block-6f021bbe-1b80-477e-b221-4b3d2aac70e3 wpforms-render-modern\" id=\"wpforms-47\"><form id=\"wpforms-form-47\" class=\"wpforms-validate wpforms-form wpforms-ajax-form\" data-formid=\"47\" method=\"post\" enctype=\"multipart\/form-data\" action=\"\/index.php?rest_route=%2Fwp%2Fv2%2Fpages%2F54\" data-token=\"b2b4491358cbf44c94ffbd8cfccecd5d\" data-token-time=\"1778994705\"><noscript class=\"wpforms-error-noscript\">Aby wype\u0142ni\u0107 ten formularz, w\u0142\u0105cz obs\u0142ug\u0119 JavaScript w przegl\u0105darce.<\/noscript><div class=\"wpforms-hidden\" id=\"wpforms-error-noscript\">Aby wype\u0142ni\u0107 ten formularz, w\u0142\u0105cz obs\u0142ug\u0119 JavaScript w przegl\u0105darce.<\/div><div class=\"wpforms-field-container\"><div id=\"wpforms-47-field_1-container\" class=\"wpforms-field wpforms-field-name\" data-field-id=\"1\"><fieldset><legend class=\"wpforms-field-label\">Imi\u0119 i nazwisko <span class=\"wpforms-required-label\" aria-hidden=\"true\">*<\/span><\/legend><div class=\"wpforms-field-row wpforms-field-medium\"><div class=\"wpforms-field-row-block wpforms-first wpforms-one-half\"><input type=\"text\" id=\"wpforms-47-field_1\" class=\"wpforms-field-name-first wpforms-field-required\" name=\"wpforms[fields][1][first]\" aria-errormessage=\"wpforms-47-field_1-error\" required><label for=\"wpforms-47-field_1\" class=\"wpforms-field-sublabel after\">Imi\u0119<\/label><\/div><div class=\"wpforms-field-row-block wpforms-one-half\"><input type=\"text\" id=\"wpforms-47-field_1-last\" class=\"wpforms-field-name-last wpforms-field-required\" name=\"wpforms[fields][1][last]\" aria-errormessage=\"wpforms-47-field_1-last-error\" required><label for=\"wpforms-47-field_1-last\" class=\"wpforms-field-sublabel after\">Nazwisko<\/label><\/div><\/div><\/fieldset><\/div><div id=\"wpforms-47-field_2-container\" class=\"wpforms-field wpforms-field-email\" data-field-id=\"2\"><label class=\"wpforms-field-label\" for=\"wpforms-47-field_2\">Adres e-mail <span class=\"wpforms-required-label\" aria-hidden=\"true\">*<\/span><\/label><input type=\"email\" id=\"wpforms-47-field_2\" class=\"wpforms-field-medium wpforms-field-required\" name=\"wpforms[fields][2]\" spellcheck=\"false\" aria-errormessage=\"wpforms-47-field_2-error\" required><\/div><div id=\"wpforms-47-field_3-container\" class=\"wpforms-field wpforms-field-textarea\" data-field-id=\"3\"><label class=\"wpforms-field-label\" for=\"wpforms-47-field_3\">Komentarz lub wiadomo\u015b\u0107<\/label><textarea id=\"wpforms-47-field_3\" class=\"wpforms-field-medium\" name=\"wpforms[fields][3]\" aria-errormessage=\"wpforms-47-field_3-error\" ><\/textarea><\/div><\/div><!-- .wpforms-field-container --><div class=\"wpforms-submit-container\" ><input type=\"hidden\" name=\"wpforms[id]\" value=\"47\"><input type=\"hidden\" name=\"page_title\" value=\"\"><input type=\"hidden\" name=\"page_url\" value=\"https:\/\/ksiegowa.suchankova.pl\/index.php?rest_route=%2Fwp%2Fv2%2Fpages%2F54\"><button type=\"submit\" name=\"wpforms[submit]\" id=\"wpforms-submit-47\" class=\"wpforms-submit\" data-alt-text=\"Wysy\u0142anie...\" data-submit-text=\"Prze\u015blij\" aria-live=\"assertive\" value=\"wpforms-submit\">Prze\u015blij<\/button><img loading=\"lazy\" decoding=\"async\" src=\"https:\/\/ksiegowa.suchankova.pl\/wp-content\/plugins\/wpforms-lite\/assets\/images\/submit-spin.svg\" class=\"wpforms-submit-spinner\" style=\"display: none;\" width=\"26\" height=\"26\" alt=\"Wczytywanie\"><\/div><\/form><\/div>  <!-- .wpforms-container -->\n\n\n<p><\/p>\n","protected":false},"excerpt":{"rendered":"<p>KSI\u0118GOWO\u015a\u0106 UPROSZCZONA \u2013 RYCZA\u0141T EWIDENCJONOWANY KSI\u0118GOWO\u015a\u0106 UPROSZCZONA \u2013 PODATKOWA KSI\u0104\u017bKA PRZYCHOD\u00d3W i ROZCHOD\u00d3W KSI\u0118GOWO\u015a\u0106 PE\u0141NA OBS\u0141UGA KADROWO-P\u0141ACOWA Oczywi\u015bcie obs\u0142ug\u0119 spraw kadrowych w\u0142a\u015bciciela\/lki jednoosobowej dzia\u0142alno\u015bci gospodarczej zawarto w cenie obs\u0142ugi ksi\u0119gowej. Us\u0142uga ta obejmuje: Inne us\u0142ugi ksi\u0119gowe Nie wymy\u015bl\u0119, czego mo\u017cesz potrzebowa\u0107 jednorazowo czy na sta\u0142e, daj mi wi\u0119c zna\u0107 czego potrzebujesz a ja wyceni\u0119 warto\u015b\u0107 [&hellip;]<\/p>\n","protected":false},"author":1,"featured_media":0,"parent":0,"menu_order":0,"comment_status":"closed","ping_status":"closed","template":"","meta":{"footnotes":""},"class_list":["post-54","page","type-page","status-publish","hentry"],"_links":{"self":[{"href":"https:\/\/ksiegowa.suchankova.pl\/index.php?rest_route=\/wp\/v2\/pages\/54","targetHints":{"allow":["GET"]}}],"collection":[{"href":"https:\/\/ksiegowa.suchankova.pl\/index.php?rest_route=\/wp\/v2\/pages"}],"about":[{"href":"https:\/\/ksiegowa.suchankova.pl\/index.php?rest_route=\/wp\/v2\/types\/page"}],"author":[{"embeddable":true,"href":"https:\/\/ksiegowa.suchankova.pl\/index.php?rest_route=\/wp\/v2\/users\/1"}],"replies":[{"embeddable":true,"href":"https:\/\/ksiegowa.suchankova.pl\/index.php?rest_route=%2Fwp%2Fv2%2Fcomments&post=54"}],"version-history":[{"count":2,"href":"https:\/\/ksiegowa.suchankova.pl\/index.php?rest_route=\/wp\/v2\/pages\/54\/revisions"}],"predecessor-version":[{"id":56,"href":"https:\/\/ksiegowa.suchankova.pl\/index.php?rest_route=\/wp\/v2\/pages\/54\/revisions\/56"}],"wp:attachment":[{"href":"https:\/\/ksiegowa.suchankova.pl\/index.php?rest_route=%2Fwp%2Fv2%2Fmedia&parent=54"}],"curies":[{"name":"wp","href":"https:\/\/api.w.org\/{rel}","templated":true}]}}